r of 20 and j?
20
Let u(w) = -w**3 - 7*w**2 + 6*w - 11. Let y be u(-8). Let o = 254 - 111. Suppose 0 = -y*j + o + 37. Calculate the greatest common divisor of 24 and j.
12
Let w = -8 + 8. Let x be 1*6 + w/(-3). Suppose 0 = l + 19 - 43. Calculate the greatest common factor of x and l.
6
Let d be 2/(8/83) + (-87)/116. What is the highest common factor of 180 and d?
20
Suppose 4*p - 747 = -3*n, -5*n = -35 + 10. Calculate the greatest common factor of p and 61.
61
Let n(b) = -5*b + 12. Let x be n(-6). What is the greatest common factor of 7 and x?
7
Let w = -4 - -9. Suppose t = -w*t + 30. Calculate the greatest common divisor of t and 40.
5
Let a be 20/110 - 194/(-22). Let o(i) = -i**2 + 10*i - 1. Let y be o(a). Let l be 4/2 + 2*11. Calculate the greatest common divisor of l and y.
8
Suppose -2*n - 4*o = o + 84, -5*o = -4*n - 108. Let g = n + 46. What is the highest common divisor of g and 7?
7
Let c(a) = -a + 7*a - 5*a - 7 - 3*a. Let l be c(-8). What is the highest common factor of 9 and l?
9
Let v be 96/9 + (-4)/6. Suppose 2*r = 4*j - v, 4*r - 3*j - 16 = -4*j. Suppose -r*z + 44 = 8. What is the greatest common factor of 3 and z?
3
Let s = 2 - -5. Suppose -4*j - 2*f - 3*f + 21 = 0, 0 = -j - 3*f + s. What is the highest common factor of 28 and j?
4
Suppose 186 + 614 = 16*h. Calculate the greatest common factor of h and 10.
10
Let q = 1 - -4. Suppose -4*c + q*c = 2*r - 2, -4*c + 3*r = -2. Calculate the highest common divisor of 16 and c.
2
Suppose n + 19 = 7*w - 3*w, 16 = w - 4*n. Let p = 6 + -8. Let l be (-1)/1 - p*1. What is the highest common factor of w and l?
1
Let x(i) = 2*i**3 + 11*i**2 - 6*i + 13. Let z be x(-6). Calculate the greatest common factor of 13 and z.
13
Suppose -53 - 277 = -5*t. Let k(g) = 13*g**2 - g - 1. Let b be k(1). What is the highest common factor of b and t?
11
Let q be ((-208)/24)/(((-4)/30)/1). Let d be (-200)/(-15) + 2/(-6). Calculate the greatest common divisor of d and q.
13
Let r(k) = 3*k**2 - 2*k - 2. Let y be r(7). Suppose 3*a - y = -11. What is the highest common divisor of 10 and a?
10
Let a(f) = -f**3 + 9*f**2 - 6*f - 6. Let d be a(8). Calculate the greatest common divisor of d and 20.
10
Suppose 2*a - 5*a = 0. Let n(i) = i**2 - 2*i + 4. Let d be n(0). Let f = d - a. What is the greatest common divisor of f and 12?
4
Suppose -g = -0*g - 15. What is the greatest common factor of g and 165?
15
Suppose 5*d + 10 = 3*y, -18 = -3*y - 5*d + 2. Suppose -5*j + 2*o + 102 = -o, y*j + 5*o - 110 = 0. What is the highest common factor of j and 3?
3
Suppose -2*a = 3*a + 15. Let o = 7 + a. Suppose 8 = -4*d + 8*d. What is the greatest common divisor of d and o?
2
Let w(a) = 4*a**2 - 8*a - 6. Let o be w(4). What is the greatest common factor of 65 and o?
13
Let w = 30 + 24. Suppose -3*s + 10 + 13 = 5*b, -4*s - 2*b + w = 0. Calculate the greatest common divisor of s and 128.
16
Suppose 3*c = h - 8, -c - 3*c - 6 = h. Let g be 11 + -2 + 1 - h. Let s = -2 + g. Calculate the highest common factor of 66 and s.
6
Let c = 72 + -44. Calculate the highest common divisor of 4 and c.
4
Let n be 11 + -10 + (-2 - -6). Calculate the highest common factor of 5 and n.
5
Let j be (-1 - 0 - -106)*1. Let q(r) = -7*r. Let i be q(5). Let h = -20 - i. Calculate the highest common factor of j and h.
15
Let p(q) = -12*q + 13*q + 2 + 4*q**3 - 5*q**2 - 3*q**3. Let d be p(5). What is the highest common factor of 28 and d?
7
Let s be 40/25*(-5)/(-2). Suppose l = 2*p - 5*p + 13, l - s = 0. Suppose -5*k + 2 = -p. What is the highest common divisor of k and 1?
1
Let l be (2 + 2/4)*-6. Let q be 2 - (l - (1 + 0)). Let t be (-2)/(q/22 + -1). Calculate the highest common factor of 22 and t.
11
Suppose -p = 2*s - 210, p - s = -0*p + 210. Suppose -9*g - p = -14*g. What is the highest common factor of g and 28?
14
Let t(i) = i**2 - 4*i + 12. Let h be t(7). What is the highest common factor of h and 3?
3
Let s be (-4)/(-1) + (-56)/7 + 34. Let h be 272/28 - (-2)/7. What is the highest common factor of h and s?
10
Suppose 1 = -w - 6. Let j(v) = v + 10. Let x be j(w). Let d(s) = -3*s. Let t be d(-4). What is the highest common divisor of t and x?
3
Let h(f) = -7*f**3 + f**2 - 8*f - 9. Let n(k) = -k**3 - k - 1. Let p(w) = h(w) - 5*n(w). Let i be p(-3). Calculate the greatest common divisor of i and 17.
17
Let l(i) = 1 - i**2 - 3*i + 7 + 4*i + 2*i**2. Let y be l(0). Calculate the highest common divisor of y and 32.
8
Suppose 2*t + v - 16 = 5*v, -t + 2 = 4*v. Calculate the highest common factor of 4 and t.
2
Suppose -2*k + 4*f - 6 = -3*k, -3*f = -4*k + 100. What is the highest common divisor of 44 and k?
22
Let f = -13 - -69. Let g be 2 + 5 + (-6)/(-2). Let p = g + -3. Calculate the highest common divisor of f and p.
7
Suppose l + l + 15 = 3*k, l - 5*k + 25 = 0. Suppose l = -4*s - 14 + 126. Suppose 2*m + 0*m - 140 = 0. Calculate the greatest common factor of s and m.
14
Let z(y) = 3*y**2 - 13*y - 5. Let l be z(-5). Calculate the highest common divisor of 15 and l.
15
Suppose -y = -4*i - 86, 0*i - i + 1 = 0. Calculate the highest common factor of y and 36.
18
Let k be ((-6)/(-5))/(2/5). Let r be (0 + -2)/(k/(-12)). Let f be 1 + -1 - (3 + -27). Calculate the highest common divisor of r and f.
8
Let q(s) = s + 2. Let r be q(3). Let i(b) = 2*b + 9. Let v be i(8). What is the greatest common divisor of r and v?
5
Let z(q) = -5*q + 4. Let x be z(-4). What is the highest common divisor of x and 36?
12
Suppose 3*h = -2*h + 75. Suppose 105 = 5*i + h. What is the highest common factor of i and 198?
18
Let j(b) = 2*b + 7 + 0*b**2 - 11*b + b**2. Let f be j(9). Let g(t) = -t + 7. Let z be g(0). Calculate the highest common divisor of z and f.
7
Let j be 27/2*(-132)/(-9). Calculate the greatest common divisor of j and 22.
22
Let q(w) = w - 3. Let i be q(7). Suppose m - 24 = -0*g + i*g, -4*m + 132 = -4*g. Suppose 4*l - 120 = -m. Calculate the greatest common factor of 7 and l.
7
Suppose 0 = -2*b + 2*f + 74, f - 43 = -b - 0*f. Calculate the greatest common factor of b and 5.
5
Let d = 7 + 0. Suppose -f = 5*y - 101, -2*f = -5*y + 127 - 14. What is the greatest common divisor of y and d?
7
Let k = -34 + 48. Let f(x) = 2*x**2 - 3*x - 2. Suppose 3*r + 3 = 3*g, -10 = 2*r + 4*g - 32. Let c be f(r). What is the greatest common factor of c and k?
7
Let z(t) = -t**3 + t**2 - t + 225. Let x be z(0). What is the greatest common divisor of 25 and x?
25
Suppose 0*p = -2*p + 34. Let i(r) = r**3 - 18*r**2 + 22*r - 25. Let v be i(p). Calculate the highest common divisor of 24 and v.
12
Let g be (-110)/4*(-40)/5. What is the highest common factor of g and 20?
20
Let t be ((-16)/10)/((-2)/10). Let a be (-84)/t*16/(-6). Calculate the highest common divisor of a and 4.
4
Let w be 5/25 - (-48)/10. Let f be w*-2*1/(-5). Suppose 0 = j - f*j + 14. Calculate the highest common divisor of 14 and j.
14
Suppose 7 + 273 = 7*m. What is the greatest common factor of 200 and m?
40
Let f = 3 - -4. What is the highest common factor of f and 7?
7
Suppose -4*p - 36 = 3*m - 135, 12 = -4*m. Calculate the highest common divisor of 54 and p.
27
Let o(d) = d**2 - 2*d - 2. Let t = -6 + 4. Let p be o(t). Suppose 2*z - 256 = 4*l, 5*z + l - 640 = p*l. What is the greatest common divisor of z and 16?
16
Let f = -3 - -18. Let m = 213 + -108. What is the highest common factor of f and m?
15
Let r(d) = 2*d**2 - d + 3. Let q be r(-6). Suppose 3*n - 4*o = -42, 5*n + 5*o = 4*n - 33. Let s = 27 + n. Calculate the highest common factor of s and q.
9
Let a(s) = -s**3 + 6*s**2 - 5*s + 5. Let l be a(5). Calculate the greatest common divisor of l and 1.
1
Let n be (-1)/(-3) - (-16)/6. Let p be 21/((-1)/n*-3). Let t be -2*1 + 2 + 7. What is the highest common factor of t and p?
7
Suppose -3*x + 11 + 25 = 0. Let k(y) = -y**3 + 6*y**2. Let z be k(6). Let o = 4 - z. Calculate the highest common factor of x and o.
4
Let q = 23 - 16. What is the highest common factor of 14 and q?
7
Suppose 4*y - 3*y = 35. Suppose -y = -6*n + 7. What is the greatest common divisor of 7 and n?
7
Suppose 2*d - 96 - 10 = 0. Let r = d + -38. What is the highest common factor of r and 75?
15
Suppose 4*l = 4*o, -6*l = -2*l + 5*o - 36. Suppose l*f - 39 = 57. Let u be 4/14 - f/(-14). What is the highest common divisor of u and 2?
2
Suppose 3*t + 2*f - 44 = 2*t, -2*t + f =